 highest common divisor of 12 and t.
6
Suppose -2*d = 2*u - 3*d - 48, 3*u - 72 = 5*d. Calculate the highest common divisor of u and 18.
6
Let a be 0 - -14*(-1 + 2). What is the greatest common divisor of 84 and a?
14
Suppose -5*l + 94 = -2*y, -5*y = -3*l + 36 + 9. Calculate the greatest common divisor of 180 and l.
20
Suppose -4*a = 2*w - 474, 0 = -3*a - a - w + 475. What is the highest common divisor of 7 and a?
7
Let h(w) = 2*w**2 + 4. Let z be h(-3). Suppose -2*o + 4 = -0*o. Calculate the greatest common divisor of o and z.
2
Suppose -d - 2*d + 12 = 0. Let u be 3/(-6) + 42/d. Suppose -41 = 5*g + 3*j - 147, -j - 38 = -2*g. What is the greatest common divisor of g and u?
10
Suppose -2*j + 4 = -8. Suppose 21 = -3*s + j*s. Calculate the highest common factor of s and 63.
7
Let t(h) = -2*h + 26. Let q be t(-14). Calculate the greatest common factor of q and 27.
27
Let i be 7 + 1 + (-6)/(-3). What is the highest common divisor of i and 50?
10
Suppose 81 = 4*p + 17. Suppose 2*s - 6 = -0. Suppose -k = s*r - 332, 2*k - 62 + 294 = 2*r. What is the highest common divisor of r and p?
16
Suppose -2 - 2 = m, 5*j = -4*m + 1109. Suppose -z - 4*z - 4*k = -109, -4*k = -4*z + 116. What is the greatest common divisor of j and z?
25
Let k = 69 - 29. What is the greatest common divisor of 8 and k?
8
Let z = -34 - -45. What is the highest common factor of z and 99?
11
Let u(p) = 2*p**2 - 5*p. Let x be u(7). Suppose 2*d - 6*d = -28. Calculate the greatest common divisor of x and d.
7
Let t = -27 + 41. Suppose 0*u = 2*u - 4. Calculate the greatest common factor of u and t.
2
Let q = -38 - -61. What is the greatest common divisor of q and 161?
23
Let x(o) = o**3 - 4*o**2 - 4*o + 6. Let k be x(5). Suppose k = 3*u - 16. Let a be (-4)/(-6) + 106/3. What is the highest common divisor of u and a?
9
Let h = 8 + -9. Let o = h + 5. Suppose 0 = 3*r - 4*n - 21, -6*r + 28 = -2*r + o*n. What is the highest common factor of r and 56?
7
Let q(y) = y + 10. Let u be q(-5). Let h be ((-11)/(-2))/(u/130). Suppose k = -k + 26. What is the highest common factor of k and h?
13
Suppose 72 = -43*t + 49*t. What is the greatest common divisor of 18 and t?
6
Suppose -6*g + 2*g = 20. Let f = g - -11. Calculate the greatest common divisor of 60 and f.
6
Suppose 0 = 2*s - 133 + 85. What is the greatest common factor of s and 6?
6
Suppose 5*d - 15 = -0*d. Let y be 1*(29 - d)/2. Let l be (0 + 1)/(1/65). What is the greatest common divisor of y and l?
13
Suppose 3*b + u - 13 = -87, -2*b - 56 = -u. Let m be -27*(1 + b/6). Suppose x - 27 = -2*x. Calculate the greatest common divisor of x and m.
9
Suppose -7 = -3*g + 29. Calculate the highest common divisor of 24 and g.
12
Let i be 64 - (-1 + (-6)/2). Let s(p) = 1. Let r(g) = -g. Let j(u) = 3*r(u) + 2*s(u). Let l be j(-5). What is the greatest common divisor of l and i?
17
Let q(v) = 14*v + 29. Let a be q(4). What is the greatest common divisor of a and 5?
5
Let n(m) = m**3 - 4*m**2 - 12. Suppose 5*s = -4*u + 20, -3*u - 3*s - 25 = -8*u. Let o be n(u). Calculate the greatest common divisor of 143 and o.
13
Suppose -5*l = -5*j + 440 + 10, 0 = -j - 5*l + 120. Let f(m) = 2*m + 46. Let s be f(-4). What is the highest common factor of j and s?
19
Let h be (-3)/(-2) - 17/(-2). Calculate the greatest common factor of h and 90.
10
Let t(d) = -7*d + 6. Let y be t(-7). Calculate the greatest common factor of y and 11.
11
Let w = 15 - -15. Calculate the highest common divisor of 20 and w.
10
Let s = 83 - 64. Calculate the highest common factor of s and 57.
19
Suppose 3*v - 9 - 11 = 4*d, 0 = -3*v - 5*d + 2. Suppose 2*w - 16 = 4*p + 20, 5*w = v*p + 90. Calculate the highest common factor of 9 and w.
9
Let i(a) = 49*a - 29. Let q be i(8). Calculate the highest common divisor of q and 33.
33
Suppose 0 = -3*l - 2*l + 40. What is the highest common factor of l and 20?
4
Suppose 0 = 11*j - 12*j + 9. Calculate the highest common divisor of j and 6.
3
Let i = 1034 + -1010. Let a(x) = x**2 + 5*x + 6. Let g(f) = -f**2 - 5*f + 1. Let y be g(-6). Let j be a(y). Calculate the highest common factor of j and i.
6
Let t be 4/(3 + (-116)/40). Let n(i) = -11*i - 14*i + 5*i. Let m be n(-5). Calculate the greatest common factor of t and m.
20
Let j = -23 + 33. Let b be (-7)/(-21) + 11/3. Suppose -2*w - b*q - 22 = -3*w, 4*w = -q + 37. Calculate the greatest common divisor of j and w.
10
Let z = 29 - 14. Let g = -8 - -9. Let h be -1 - 2/g - -18. Calculate the highest common divisor of h and z.
15
Let d = -5 - 4. Let q(i) = i**2 + 9*i + 2. Let m be q(d). Let c be (24/(-5))/(m/(-30)). What is the greatest common divisor of 8 and c?
8
Let x = 676 - 669. Let r = 62 - 41. What is the greatest common divisor of r and x?
7
Let w(p) = -32*p + 5. Let z be w(-4). Let n = z - 70. Calculate the greatest common divisor of 9 and n.
9
Let b be 0 + -3 - (1 - -2). Let u = -2 - b. Calculate the greatest common factor of u and 32.
4
Let v = -30 + 44. What is the highest common factor of 7 and v?
7
Suppose 29 = j + 11. Calculate the greatest common factor of j and 6.
6
Let m = 30 - 14. What is the greatest common factor of m and 32?
16
Let s(b) = b**2 - 8*b + 6. Let c be (3/(6/10))/1. Let i be s(c). Let k be (-1 - 141/9)*i. What is the greatest common divisor of 15 and k?
15
Suppose -4*t = -8*t + 8. Let k be 2312/36 - t/9. Calculate the highest common divisor of 16 and k.
16
Let r = 8 + -2. Suppose -l + 6 = -r. Suppose -2*b - b = -l. Calculate the greatest common divisor of 8 and b.
4
Suppose 0 = -0*h + 3*h + a - 25, 3*h - 5*a = 55. What is the greatest common factor of h and 2?
2
Let m = 15 + -9. Let d be (-2)/m + 85/3. Calculate the greatest common divisor of 7 and d.
7
Let c = -9 - -12. Let k(v) = 34*v**3 - 1. Suppose 2*x = -0*x + 2. Let s be k(x). What is the highest common factor of c and s?
3
Let m = -76 + 98. Calculate the highest common divisor of 55 and m.
11
Suppose -5*p - g + 36 = 0, -5*p - 2*g - 24 = -56. What is the greatest common factor of p and 56?
8
Let h = -5 + 17. What is the greatest common factor of h and 2?
2
Let h be (4/12)/((-2)/(-12)). Let k(o) be the second derivative of -13*o**3/6 + o**2/2 - o. Let y be k(-1). What is the greatest common divisor of y and h?
2
Let v(x) = -x**2 + 3. Let b be v(-3). Let u be (-66)/(-14) + b/(-21). Let d = -56 + 86. Calculate the highest common factor of d and u.
5
Let w(r) = -r**3 + 6*r + 4. Let l be w(-5). What is the highest common divisor of 9 and l?
9
Suppose -x + 1 = -6. Suppose -12*k = -x*k - 160. Calculate the greatest common divisor of 16 and k.
16
Suppose -3*l + 35 = 5*b, -4*b - l + 21 = -0. Let n(q) = -q**2 + 25*q - 64. Let g be n(5). Calculate the greatest common divisor of g and b.
4
Suppose -2*i - 2 = -4*g, i + 3*g = 8 + 1. Suppose 0*y = 5*y. Suppose y = n - i*n + 24. Calculate the greatest common factor of 132 and n.
12
Let c(i) = i. Let f be c(-1). Let d be (1/(-2))/(f/(-4)). Let x = 5 + d. What is the highest common factor of x and 1?
1
Let o be -1*2*1 + 4. Let d = o - 31. Let s = 165 + d. What is the highest common factor of s and 17?
17
Let f be (3/(-6) + 0)*0. Suppose f = 3*q - 0*q - 24. Calculate the greatest common factor of q and 16.
8
Let o be (-26 + 23)/(2 - 66/32). What is the greatest common factor of o and 64?
16
Suppose -t + 1 + 10 = 0. What is the highest common factor of 1 and t?
1
Let j(m) = m**3 - 4*m**2 + 4*m. Suppose 5 = y + 2. Let a be (2*y)/(18/12). Let i be j(a). What is the highest common divisor of 24 and i?
8
Suppose 4*t = -3*b + 112, 3*b + 2*t - 106 = 4*t. What is the highest common divisor of b and 24?
12
Suppose 6*c = 3*c + 12. Suppose 2*p - 68 = -c*n - 2*p, -54 = -4*n + 3*p. Calculate the greatest common factor of 120 and n.
15
Suppose 0 = -o + 4*j + 3 - 4, 0 = -5*o - 3*j + 18. Calculate the greatest common divisor of o and 3.
3
Let v be (1/(-2)*-8 - 7)*-7. Calculate the highest common factor of 35 and v.
7
Suppose -5*g + 4*f = 98, 0 = 4*g - 3*f + f + 76. Let d be (-2)/4 + (-1197)/g. Calculate the highest common divisor of d and 22.
22
Suppose -6*k - 112 = -20*k. What is the highest common factor of 40 and k?
8
Suppose -7*y + 88 = -3*y. Let u = 167 + y. Calculate the greatest common divisor of 21 and u.
21
Let q = 144 + -134. What is the greatest common factor of 10 and q?
10
Let v be (90/(-8))/((-3